when 326 is divided by 138?
50
What is the remainder when 484 is divided by 128?
100
Calculate the remainder when 384 is divided by 66.
54
Calculate the remainder when 845 is divided by 53.
50
Calculate the remainder when 27 is divided by 15.
12
Calculate the remainder when 878 is divided by 157.
93
What is the remainder when 26 is divided by 24?
2
Calculate the remainder when 2792 is divided by 116.
8
What is the remainder when 29 is divided by 19?
10
Calculate the remainder when 350 is divided by 119.
112
What is the remainder when 23164 is divided by 113?
112
What is the remainder when 572 is divided by 21?
5
What is the remainder when 234 is divided by 52?
26
What is the remainder when 1182 is divided by 155?
97
What is the remainder when 235 is divided by 110?
15
Calculate the remainder when 220 is divided by 74.
72
What is the remainder when 501 is divided by 21?
18
Calculate the remainder when 2108 is divided by 700.
8
What is the remainder when 368 is divided by 35?
18
What is the remainder when 190 is divided by 58?
16
What is the remainder when 2384 is divided by 11?
8
Calculate the remainder when 888 is divided by 53.
40
What is the remainder when 22 is divided by 15?
7
Calculate the remainder when 490 is divided by 19.
15
Calculate the remainder when 1297 is divided by 184.
9
Calculate the remainder when 79 is divided by 10.
9
Calculate the remainder when 1719 is divided by 25.
19
What is the remainder when 161 is divided by 56?
49
Calculate the remainder when 146 is divided by 9.
2
What is the remainder when 187 is divided by 64?
59
What is the remainder when 643 is divided by 28?
27
Calculate the remainder when 204 is divided by 69.
66
Calculate the remainder when 197 is divided by 30.
17
Calculate the remainder when 386 is divided by 78.
74
What is the remainder when 1113 is divided by 18?
15
What is the remainder when 3297 is divided by 3283?
14
What is the remainder when 239 is divided by 12?
11
Calculate the remainder when 259 is divided by 116.
27
What is the remainder when 978 is divided by 368?
242
Calculate the remainder when 125 is divided by 74.
51
Calculate the remainder when 188 is divided by 63.
62
What is the remainder when 2974 is divided by 213?
205
Calculate the remainder when 1486 is divided by 95.
61
What is the remainder when 536 is divided by 77?
74
Calculate the remainder when 162 is divided by 7.
1
Calculate the remainder when 2067 is divided by 141.
93
Calculate the remainder when 210 is divided by 67.
9
Calculate the remainder when 39 is divided by 18.
3
What is the remainder when 333 is divided by 168?
165
What is the remainder when 190 is divided by 80?
30
Calculate the remainder when 855 is divided by 72.
63
What is the remainder when 9581 is divided by 102?
95
Calculate the remainder when 112 is divided by 30.
22
What is the remainder when 971 is divided by 72?
35
Calculate the remainder when 697 is divided by 272.
153
Calculate the remainder when 338 is divided by 102.
32
Calculate the remainder when 68 is divided by 24.
20
Calculate the remainder when 457 is divided by 29.
22
Calculate the remainder when 584 is divided by 42.
38
Calculate the remainder when 6675 is divided by 21.
18
Calculate the remainder when 193 is divided by 92.
9
What is the remainder when 8 is divided by 8?
0
What is the remainder when 276 is divided by 131?
14
What is the remainder when 401 is divided by 84?
65
Calculate the remainder when 4116 is divided by 23.
22
What is the remainder when 196 is divided by 61?
13
What is the remainder when 129 is divided by 34?
27
Calculate the remainder when 808 is divided by 2.
0
What is the remainder when 29 is divided by 1?
0
Calculate the remainder when 723 is divided by 26.
21
What is the remainder when 259 is divided by 87?
85
Calculate the remainder when 1847 is divided by 21.
20
What is the remainder when 140 is divided by 59?
22
Calculate the remainder when 3864 is divided by 5.
4
What is the remainder when 87 is divided by 18?
15
What is the remainder when 3065 is divided by 1019?
8
Calculate the remainder when 436 is divided by 28.
16
Calculate the remainder when 386 is divided by 211.
175
What is the remainder when 2479 is divided by 221?
48
What is the remainder when 13350 is divided by 19?
12
Calculate the remainder when 142 is divided by 39.
25
Calculate the remainder when 218 is divided by 32.
26
What is the remainder when 1389 is divided by 447?
48
Calculate the remainder when 147 is divided by 76.
71
What is the remainder when 243 is divided by 228?
15
Calculate the remainder when 222 is divided by 56.
54
What is the remainder when 1163 is divided by 382?
17
Calculate the remainder when 2050 is divided by 347.
315
What is the remainder when 1897 is divided by 26?
25
Calculate the remainder when 63 is divided by 26.
11
What is the remainder when 5681 is divided by 1417?
13
What is the remainder when 144 is divided by 34?
8
What is the remainder when 97 is divided by 38?
21
What is the remainder when 56 is divided by 26?
4
Calculate the remainder when 1346 is divided by 1320.
26
What is the remainder when 322 is divided by 156?
10
What is the remainder when 6285 is divided by 19?
15
Calculate the remainder when 81 is divided by 11.
4
What is the remainder when 205 is divided by 61?
22
Calculate the remainder when 94 is divided by 32.
30
What is the remainder when 13564 is divided by 26?
18
Calculate the remainder when 696 is divided by 84.
24
Calculate the remainder when 583 is divided by 121.
99
Calculate the remainder when 389 is divided by 15.
14
Calculate the remainder when 85 is divided by 22.
19
What is the remainder when 40 is divided by 17?
6
What is the remainder when 15661 is divided by 191?
190
What is the remainder when 91 is divided by 57?
34
What is the remainder when 470 is divided by 40?
30
What is the remainder when 1043 is divided by 19?
17
What is the remainder when 144 is divided by 60?
24
Calculate the remainder when 1695 is divided by 417.
27
Calculate the remainder when 658 is divided by 379.
279
Calculate the remainder when 431 is divided by 160.
111
Calculate the remainder when 221 is divided by 19.
12
Calculate the remainder when 6661 is divided by 8.
5
What is the remainder when 433 is divided by 15?
13
Calculate the remainder when 274 is divided by 14.
8
Calculate the remainder when 1481 is divided by 39.
38
Calculate the remainder when 89 is divided by 6.
5
What is the remainder when 235 is divided by 68?
31
Calculate the remainder when 39 is divided by 29.
10
Calculate the remainder when 738 is divided by 93.
87
What is the remainder when 117 is divided by 50?
17
What is the remainder when 9417 is divided by 19?
12
What is the remainder when 2213 is divided by 7?
1
What is the remainder when 85 is divided by 22?
19
What is the remainder when 1509 is divided by 173?
125
What is the remainder when 548 is divided by 12?
8
Calculate the remainder when 1874 is divided by 134.
132
What is the remainder when 3370 is divided by 574?
500
What is the remainder when 307 is divided by 110?
87
Calculate the remainder when 933 is divided by 104.
101
Calculate the remainder when 14 is divided by 12.
2
Calculate the remainder when 6458 is divided by 18.
14
Calculate the remainder when 1117 is divided by 222.
7
What is the remainder when 449 is divided by 140?
29
What is the remainder when 253 is divided by 63?
1
What is the remainder when 1003 is divided by 113?
99
What is the remainder when 9142 is divided by 17?
13
Calculate the remainder when 98 is divided by 82.
16
Calculate the remainder when 181 is divided by 27.
19
Calculate the remainder when 1620 is divided by 22.
14
What is the remainder when 3973 is divided by 199?
192
What is the remainder when 982 is divided by 38?
32
What is the remainder when 402 is divided by 12?
6
Calculate the remainder when 250 is divided by 6.
4
What is the remainder when 1574 is divided by 25?
24
Calculate the remainder when 4895 is divided by 69.
65
Calculate the remainder when 1060 is divided by 148.
24
Calculate the remainder when 34 is divided by 19.
15
Calculate the remainder when 308 is divided by 27.
11
What is the remainder when 135 is divided by 32?
7
What is the remainder when 511 is divided by 101?
6
What 